 + 12. Suppose -g - 88 = -z*l - l, -66 = -3*l - 5*g. Is l a composite number?
True
Suppose 0 = y + 4*a + 59, -2*a - a - 128 = 2*y. Let w = y - -146. Is w composite?
False
Let x = -488 + 843. Is x composite?
True
Let m = 1 + -1. Suppose -5*b = -4*r + 1, m*b - 2*b - 6 = -3*r. Suppose b*u - a + 4*a = 12, -a = -5*u + 38. Is u a composite number?
False
Let u = 4 + -2. Suppose u*z = -p + 135, -4*z = -4*p - 235 - 41. Let s = z - 35. Is s prime?
False
Suppose 9*r = 6*r + 9. Suppose 0 = -0*l - r*l + 879. Is l prime?
True
Let o(t) = 25*t**2 + 2*t + 0 + 0*t + 1. Let i = 1 + -3. Is o(i) composite?
False
Let f(q) = -q**3 - 7*q**2 - 6*q + 3. Let z be f(-6). Suppose 5*s = x + 32, 3*x = 2*s - z - 2. Is s a composite number?
False
Let h = 210 + -128. Is h prime?
False
Let v(s) = -2*s**3 - 2*s**2 + 4*s + 2. Let n be v(4). Let a = 245 + n. Is a a prime number?
True
Suppose -j - 2*j - k = -1435, -4*j - 4*k + 1908 = 0. Is j a composite number?
False
Is -2*2/(-6) + 1685/15 prime?
True
Let n(u) = u**2 + 7*u - 11. Let a(l) = -3*l**2 + 2. Let g be a(2). Is n(g) composite?
False
Suppose 6*q - q = 3250. Suppose 690 = 5*n + 5*m, 5*n + 2*m = 5*m + q. Is n composite?
True
Suppose 2*i = 119 + 85. Let k = -67 + i. Is k prime?
False
Let g = -11 + 342. Is g prime?
True
Let x(w) = 213*w + 12. Let v be x(-6). Is v/(-3)*3/6 composite?
False
Suppose -16*q + 22*q - 17754 = 0. Is q prime?
False
Let x(q) = -64*q**3 + 3*q**2 + 3*q + 1. Is x(-2) prime?
False
Is 3/(-12)*0 + 141 a composite number?
True
Let b(f) = 6*f + 3. Suppose -9 = -t - 4*o + 5*o, -5*o - 25 = -t. Is b(t) composite?
True
Let t(u) = -2*u**2 + 2*u + 2. Let v be t(3). Let r(d) = -22*d - 5. Is r(v) a prime number?
False
Suppose -4*o - 2*r = -836, 484 + 145 = 3*o + r. Is o a composite number?
False
Let q be (-73 + 6/3)*1. Let o = q - -148. Is o prime?
False
Suppose 0 = -4*d - d + 5*n, -2*d = 2*n - 12. Suppose d*q - 8*q + 425 = 0. Suppose y - 2*y = -q. Is y composite?
True
Let i(a) be the third derivative of a**5/6 + a**4/8 - 2*a**3/3 + a**2. Let h be i(-3). Let c = h - 30. Is c composite?
False
Let o be (2/4)/((-3)/(-10176)). Suppose c + o = -3*c. Let t = 717 + c. Is t composite?
False
Suppose 0 = h + 4*h + 860. Let k = h - -303. Is k a composite number?
False
Suppose -3*u = -5*m + 270, -u + 98 = -2*u - m. Suppose 166 = -4*g - 2*a, 4*g + a = 6*a - 201. Let b = g - u. Is b composite?
True
Let l = 523 - 288. Is l a prime number?
False
Let q(h) = -h + 31. Suppose 2*w + 4*y + 4 = -3*w, 0 = w - 5*y - 5. Is q(w) prime?
True
Let h(d) = d**3 + 7*d**2 - 2*d + 7. Let v be 46/10 - 2/(-5). Suppose 3*i + 24 = -j, 5*i + 13 = i + v*j. Is h(i) prime?
False
Is (-6 + 8)*(-3898)/(-4) composite?
False
Suppose 2*i = -l + 3*i - 20, -5*l - 50 = 5*i. Let u be (-120)/(-18) + (-2)/3. Is (-68)/(-5) - u/l a composite number?
True
Suppose -4*u - 5*q - 4 = -19, -u - q = -4. Let v(n) = 659*n + 2. Let p(k) = 329*k + 1. Let j(r) = u*p(r) - 3*v(r). Is j(-1) a prime number?
True
Let r = -38 - -53. Is r/20 - 641/(-4) a composite number?
True
Suppose -k + 0*k + 4 = 0. Suppose n + 4*d + 26 = k*n, -2*d - 14 = -2*n. Suppose -n*r + 58 + 16 = 0. Is r a composite number?
False
Let i(v) = 2*v**2 + 4*v - 14. Is i(6) a composite number?
True
Suppose -4*m + 2481 = -m. Suppose 2*j - 3*v + m = 3442, 2*v - 10 = 0. Is j composite?
True
Suppose -6*b + 3*b - 15 = 0. Is ((-170)/(-6))/(b/(-15)) a composite number?
True
Suppose -132 = -t - 5. Is t a prime number?
True
Let c = 86 - 120. Let q = 19 - c. Is q composite?
False
Let n(h) = 16*h**2 - 4*h + 3. Is n(-7) prime?
False
Let v be (50/4)/((-3)/6). Let q = -3 - v. Is q a composite number?
True
Suppose 0 = -48*d + 51*d - 561. Is d composite?
True
Suppose u - 3*o = -u - 3761, -2*u + 5*o = 3759. Let c = 1239 + u. Is 2/8 - c/4 prime?
False
Suppose 3*m = -2*m + 3*i + 1478, 5*i = -5*m + 1470. Is m composite?
True
Let u be ((-4)/(-10))/((-3)/(-15)). Suppose -2*v = -u + 4. Is (2 - 2 - 15)/v composite?
True
Let o(f) = f**3 - 3*f + 2. Let r be o(3). Suppose -2*n - 4 = 0, 4*n = 3*t + 2*t - 23. Is (-1 + -2)*(t - r) composite?
True
Let k(s) = 211*s**2 + 2*s - 4. Is k(3) prime?
True
Suppose -6*h + 62 = -28. Is h composite?
True
Let u be (-10)/(-4)*24/15. Suppose 60 = u*k + 8. Is k a composite number?
False
Let w = 0 - -1. Is 200 - -3*(2 - w) prime?
False
Suppose -5*k + 8 + 2 = 0, d + 2*k - 383 = 0. Is d a prime number?
True
Let t = 903 + -432. Is t a composite number?
True
Let i = 17 + -17. Let t(j) = -j**3 - j**2 - j + 35. Is t(i) prime?
False
Let h(z) = 4*z**2 - 3*z + 2. Is h(1) a prime number?
True
Suppose 0*p = 2*p - 4*w - 192, -5*w = p - 75. Let m(a) = 8*a**2 + a - 1. Let g be m(-2). Let i = g + p. Is i a composite number?
True
Let g(x) = -136*x + 5. Is g(-3) a prime number?
False
Let r be (1/2 - 3)*-2. Suppose 12 - 2 = r*j. Suppose 3*x - 26 = -5*y + 29, j*x + 33 = 3*y. Is y a prime number?
True
Suppose -2*a = -2*n - 1288, 4*a + 0*n = -2*n + 2558. Is a a composite number?
False
Let i be 6/3 - (3 + -4). Let h = i - 0. Suppose -h*b + 333 = 5*k - 8*k, -4*b + k = -456. Is b a composite number?
True
Suppose 15 = -u + 4*u. Let b = u + 138. Suppose -9 = 2*k - b. Is k a prime number?
True
Let n = 6 + -7. Let v be n*(4 - 1) + 2. Is (v - (-36 + -3)) + 1 composite?
True
Suppose -4*h + 0*h = -364. Is h + (0 - (-3 - 0)) composite?
True
Let b = 13 - 5. Let c(o) = -2*o + 2. Let s be c(b). Let u = s - -27. Is u a prime number?
True
Let t(n) = 37*n**2 - 10*n + 14. Is t(5) composite?
True
Suppose 861 = 4*b - 5*k, -5*k = -3*b + 265 + 387. Is b a prime number?
False
Let a be -7*(111/21 - 1). Let h be ((-4)/3)/(2/a). Let u = h + -6. Is u composite?
True
Let y = -9 - -10. Let r(k) = -4*k**3 - 10*k**2 - 2*k - 5. Let u be r(-7). Is y/2 + u/6 prime?
True
Let u(c) = -c**2 - 19*c - 7. Suppose -2*p + 0*r = 5*r + 31, 5*p + 68 = -3*r. Is u(p) a prime number?
True
Suppose -3*i + 261 = -5*s - 3187, -1150 = -i + s. Is i composite?
False
Let j be (408/(-18))/((-1)/(-3)). Let l = j - -162. Suppose 5*x - f - 219 = -0*x, 2*x - l = 2*f. Is x prime?
True
Let t = 762 + -445. Is t a composite number?
False
Suppose 0 = 4*z - 3*k + 27, -5*z + 5*k - 29 - 11 = 0. Is (33/z)/((-2)/14) a prime number?
False
Let m = -9 - -14. Suppose 2*w + 4*c + c - 94 = 0, m*w - 235 = c. Is w a prime number?
True
Let u(p) = p**2 + 3*p - 6. Suppose -5*x - 20 = 0, -3*a = x + 1 - 9. Is u(a) composite?
True
Let g(o) = 8 + 7*o + 11*o + 2*o**2 + 3. Is g(-15) composite?
False
Is 1/(-4)*(6 - 2354) prime?
True
Let p(y) = 38*y + 10. Let g be p(6). Suppose -c = -3*c + g. Is c a composite number?
True
Suppose 6*g = 3*g - 108. Let w = 312 + -65. Let r = g + w. Is r prime?
True
Let q = 15 + -35. Is 1 - q - (-4)/(-2) composite?
False
Let l(h) = 25*h + 4. Let o(z) = -25*z - 3. Let g(v) = -2*l(v) - 3*o(v). Is g(8) a composite number?
True
Let j = -674 + 1153. Is j composite?
False
Let q be ((-525)/(-9))/((-1)/3). Let p = q + 289. Let r = -65 + p. Is r a prime number?
False
Suppose c = 11*c - 31630. Is c prime?
True
Suppose 1556 = -9*w + 13*w. Is w a prime number?
True
Suppose 3*i - 5*i = -6104. Is (-1)/(-4) - i/(-16) a prime number?
True
Suppose -84 = 4*f - 5*c, 3*c - 10 = 2*f + 32. Let u = 173 - f. Let r = -117 + u. Is r composite?
True
Suppose 0 = g - 4*g + 15, 25 = 2*f + 3*g. Suppose 3*o = -f*x + 229, 2*x + 393 = 5*o - x. Suppose -5*a + o = -27. Is a a composite number?
True
Suppose 6*h - 2*h - 148 = 0. Let v = 84 + h. Is v a composite number?
True
Let n(q) = 9*q**3 - 2*q**2 + 1. Let d be n(1). Suppose 5*j - d*j + 339 = 0. Is j composite?
False
Let t(c) = c**3 - 2*c**2 + 6*c**2 + 1 - 8*c + 5 + 4*c**2. Let f be t(-9). Is -2 + (53 - f) + 1 composite?
True
Suppose -3*n - 38 = i, -i - 106 = 2*i + n. Let z be (28/i)/(2/(-5)). Is 2/3*111/z a prime number?
True
Let z(b) = b**3 - 2*b**2 + 9*b - 11. Is z(8) a prime number?
False
Let h be 2/9 + (-3207)/(-27). Suppose 0 = -4*r + r + 6. Suppose u = -4*w + h, 3*u = -r*u + w + 574. Is u a prime number?
False
Let l = 10 - 3. Suppose -5*m - o = -36, -m + 4*o + l + 17 = 0. Suppose 5 = f - m. Is f a composite number?
False
Is ((1 - -113)/(-3))/((-4)/334) a prime number?
False
Let w(c) = 217 - c**2 + 0*c**2 + 0*c**2. Is w(0) composite?
True
Let u = -1273 - -667. Let q = -407 - u. Is q prime?
True
Suppose -5*l + a = -4*a - 40, -4 = l + 2*a. Suppose 4*o - j = 880 - 169, 0 = -o +